be 6/21 - (-4)/((-84)/(-99)). Suppose n*k - 653 = -248. What is the greatest common factor of k and 162?
81
Let u = -368 + 367. Let j be (6/(-10))/(u/25). Suppose -7*m + 30 = -2*m. What is the highest common factor of j and m?
3
Suppose 12 = 4*j + 4*k, 4*j - 5*k = -6*k + 24. Suppose 15*w - 240 = j*w. Calculate the highest common divisor of w and 480.
30
Suppose 939 = 23*h - 418. Suppose -h*x = -35*x - 6048. What is the greatest common factor of x and 9?
9
Let h be ((-10)/8 - 0) + 25/4. Suppose -m + 9 = 2*x, h*x - 2*m - 30 = 3*m. What is the greatest common factor of 10 and x?
5
Suppose 2*q - 696*r + 692*r - 120 = 0, 0 = -2*q + 2*r + 112. Calculate the highest common factor of 19214 and q.
26
Let z(l) = -96*l + 623. Let k be z(5). What is the highest common factor of k and 897?
13
Let o = 4344 + -4309. What is the greatest common factor of o and 224?
7
Let h be 0*((-3)/2 - -1). Let t be h/(1 - 0) + 20. Let x(b) = 294*b**2 - 40866*b + 4. Let i be x(139). Calculate the highest common factor of t and i.
4
Let l be (24/(-20))/(3/790). Let i be l/(-12) + 6/(-18). What is the highest common divisor of 377 and i?
13
Let b = 13019 - 10459. What is the greatest common divisor of 40 and b?
40
Suppose 43*f = 249*f - 194052. Calculate the highest common factor of 4082 and f.
314
Suppose 11*b + 238 = 2548. Suppose 0 = 59*c + 31*c - 2520. What is the highest common factor of c and b?
14
Let j = 387 + -381. Suppose 5*g = m + 404, -g - 9*m + j*m + 68 = 0. Calculate the greatest common factor of 24 and g.
8
Let a(g) = 5*g**2 - 49*g - 216. Let z be a(-12). Calculate the highest common factor of z and 585.
39
Let i = -34 + 39. Let h be i + (30/(-3) - -2). Let y be 2*(-2)/(-2)*(5 - h). What is the greatest common factor of 64 and y?
16
Let u(c) = -2438*c - 124264. Let x be u(-51). Suppose -2*p - 4*n + 1916 = 0, -5*p + 2*n + 4926 = 112. Calculate the highest common factor of p and x.
74
Let f = -196 + -134. Let n = -310 - f. What is the highest common factor of n and 12?
4
Suppose -2*p + 41 = 17. Let v be ((-6)/(-4))/(p/24). Let o be -1*2*(v + -5). Calculate the greatest common divisor of 36 and o.
4
Let t(m) = m**3 + 114*m**2 - 250*m - 1744. Let o be t(-116). Calculate the greatest common divisor of 58136 and o.
344
Suppose 3*k - 2*k = -2*k. Suppose k = 3*y - 5*d - 105, -2*y - 2*d = -0*y - 70. Calculate the greatest common divisor of 7 and y.
7
Let v(p) = p**2 - 245*p - 2196. Let r be v(-9). What is the greatest common factor of r and 333?
9
Let x = -742 + 3586. Calculate the greatest common divisor of 12 and x.
12
Let l = 161 - 150. What is the highest common factor of 14773 and l?
11
Let j(a) = -a**2 + 2*a + 9. Suppose 3*u + 15 = 3*t, -t + 7 = -u + 2*u. Let x be j(t). Let i = x + 20. What is the highest common divisor of i and 1?
1
Suppose -5*z - 2*x + 5080 = 0, 44*z - 4*x = 46*z - 2016. Calculate the highest common divisor of z and 2.
2
Let a(o) = 65*o - 8164. Let w be a(126). Calculate the greatest common factor of 40768 and w.
26
Let l = -13 + 4. Let h = l + 16. Suppose 0 = m - 4*v - 16, 5*m - 24*v - 125 = -19*v. What is the greatest common divisor of h and m?
7
Let m(u) = 3*u. Let q be m(7). Let l(k) = -6*k - 81. Let w be l(13). Let b = w - -180. Calculate the greatest common factor of b and q.
21
Let q be -4*(-3)/(-21) + (2 - 120/(-14)). What is the greatest common divisor of q and 188?
2
Suppose 7*a - 2700 = a. Suppose -z - a = 5*x, -7*x + 3*x - 336 = -4*z. Let u = -88 - x. Calculate the greatest common factor of u and 3.
1
Let v(t) = -t**2 + 30*t + 461. Let b be v(41). Calculate the highest common divisor of b and 4130.
10
Let n = -1610 + 1113. Let x = -469 - n. What is the greatest common factor of 84 and x?
28
Suppose -5*g - 4*m = -3*g + 3468, -3*m - 3 = 0. Let o be 1/(-4) - 3/(48/g). Suppose 51*z - o = 47*z. What is the greatest common divisor of 108 and z?
27
Suppose 1 = w + 3*m, 8*m - 4*m + 4 = -4*w. Let b be ((-6)/(-9) + w)*-36. Suppose 9*h = 278 + 10. Calculate the highest common factor of b and h.
16
Let x(q) = 65*q + 63*q - 186*q + 48 + 57*q. Let s be x(-6). What is the greatest common divisor of 90 and s?
18
Let u be 218/5995 - 1312/(-220). Let l = 136 - 96. Let v be ((-18)/4)/((-6)/l). What is the greatest common divisor of v and u?
6
Suppose 152*g + 5*g = -71*g + 21660. Calculate the highest common divisor of 2831 and g.
19
Suppose -11*g + 2505 = 4*c - 16*g, g + 626 = c. Calculate the greatest common factor of 1025 and c.
25
Let b(q) = -2*q**3 - 14*q**2 + 9*q + 7. Let c be b(-8). Suppose -2*u - z + 671 = 0, u + u = 4*z + 676. Calculate the greatest common factor of u and c.
21
Let q be 2*3/30 - (-5276)/20. Suppose 19*f - 30*f = -q. Let n be 24*((-7)/(-4) - 1). What is the greatest common factor of f and n?
6
Suppose 4*b - 27 = 12*o - 9*o, 0 = -2*b - 3*o - 9. Suppose n = w + 2*w - 73, 4*w + n - 95 = 0. Calculate the highest common divisor of b and w.
3
Let t(w) = 6*w**2 + 270*w + 60. Let n be t(-45). Let p(v) = 5*v - 22. Let s be p(14). Calculate the highest common divisor of n and s.
12
Let j be (-6 + 14 + 112)/(1 + (-3)/4). Let t = -232 + 328. Calculate the greatest common divisor of t and j.
96
Let t = 240 + -220. Let s be (2 - 16/6)*1*-18. What is the highest common divisor of t and s?
4
Let o(k) = k**2 + 20*k + 708. Let u be o(0). What is the highest common divisor of 15 and u?
3
Suppose v - 44*q = -46*q + 120, 3*v + q - 330 = 0. Calculate the highest common divisor of v and 124.
4
Suppose -3*i + 23*k - 18*k = -154, -k = -4*i + 194. What is the highest common divisor of 936 and i?
24
Suppose 16*s + o = 12*s + 613, 5*s = 4*o + 782. Calculate the greatest common factor of s and 434.
14
Let d be 1 + 9 + (-7)/(266/(-32908)). What is the greatest common factor of 39 and d?
3
Let s be 47280/80 + ((-2)/2 - -7). Calculate the greatest common factor of 3 and s.
3
Let u(i) be the second derivative of i**3/3 + 47*i**2/2 + 6*i. Let l be u(15). Suppose -763 = -6*m + l. What is the greatest common divisor of m and 56?
28
Let n(l) = 73*l + 43. Suppose 404*i + 25 = 409*i. Let d be n(i). Calculate the highest common factor of d and 24.
24
Let o = -4776 - -4930. Calculate the highest common factor of o and 1617.
77
Suppose -2*w - 156 - 38 = 0. Let n = 92 + w. Let s be (-122)/(-3) - (119/21 + n). What is the greatest common factor of 120 and s?
40
Suppose -2*u - 4*m = -2112, 3*m + 4188 = 4*u + 5*m. What is the greatest common factor of u and 90?
18
Let c be 3031/8 + -1 - (5 + 492/(-96)). What is the greatest common divisor of 4242 and c?
42
Let h be (-370)/(-6) + (-3)/(-9). Suppose -4*v + 18 = -h. Let i be (12/(-1))/(5*(-18)/60). Calculate the greatest common divisor of i and v.
4
Let j = -13 - -8. Let f be (-2)/(j/3 - 1/(-1)). Let u be f - -1 - (0 + 0). Calculate the greatest common divisor of 12 and u.
4
Let r be -4 + 0 + 2 + -1*17. Let f = -21 - r. Let a be ((-23)/2)/(f + 12/8). Calculate the greatest common divisor of a and 92.
23
Let n = 3838 + -3770. Calculate the highest common factor of n and 2210.
34
Suppose -5*y + 2*z - 212 = -184, -5*y = 3*z + 8. Suppose 83 + 61 = -4*r. Let i = y - r. What is the greatest common factor of 24 and i?
8
Let b be (-3)/(-9) + 184/6. Let p = 9 + b. Calculate the greatest common factor of p and 80.
40
Let d = -3513 + 4077. What is the greatest common factor of 36 and d?
12
Let r be -3*(-28)/(-28)*(-1 + 0). Suppose r*q - 31*q + 560 = 0. Calculate the highest common factor of q and 320.
20
Suppose -856*v + 874*v - 882 = 0. What is the highest common factor of v and 9?
1
Suppose 301 = 3*b + 4*b. Let v be (-18 + -14*3/12)*-14. Calculate the highest common factor of b and v.
43
Let o be (-221)/117*(-10 + -197). Calculate the highest common factor of 493 and o.
17
Suppose m = 4 - 2. Suppose p + m*j - 66 = 0, -4*p + 5*p = 5*j + 87. What is the greatest common divisor of 168 and p?
24
Let d = 5067 - 5055. Calculate the greatest common factor of 628 and d.
4
Let c(b) = b**3 - 106*b**2 + 701*b - 156. Let g be c(99). What is the greatest common factor of 3604 and g?
212
Let q(k) = -k**3 + 6*k**2 - 3*k + 5. Let o be q(5). Suppose 423*h = 426*h - 720. Calculate the greatest common factor of h and o.
15
Let u = 56 + -56. Suppose 0 = 4*h + 3*l + l - 744, u = h + 3*l - 186. What is the greatest common divisor of h and 6?
6
Suppose 